x + 4*x = 44. Calculate the remainder when s is divided by x.
8
Let h be 36/27*(-15)/(-2). Suppose -h + 26 = 4*f. Suppose 3*k = 3*g - 24, -f*k + 1 + 3 = 2*g. Calculate the remainder when 10 is divided by g.
4
Let h = -39 - 5. Let c(f) = f**2 - 8*f + 2. Let j be c(8). Calculate the remainder when (-1 + h/j)*-1 is divided by 6.
5
Let k(r) = -r + 24. Let b be k(7). Let f = 14 + b. Let y = 39 + -22. Calculate the remainder when f is divided by y.
14
Let a(x) = -x**3 - 19*x**2 - x - 21. Let y be a(-19). What is the remainder when 220 is divided by -4*6/(-24)*(-74)/y?
35
Suppose 0 = 2*x + o - 43, -x + 7 = -3*o - 11. What is the remainder when 8 is divided by 91/x + 2/3?
3
Suppose -2*s = 4*q - 0*s, 2*q = -3*s + 4. Calculate the remainder when -37*(-4 + 5)/q is divided by 10.
7
Suppose 3*r - 2*r + 15 = -2*q, 4*r = 2*q - 10. Calculate the remainder when 43 is divided by (-53)/q - (-4)/10.
10
Suppose -2*k - 9 = 3*o, o = -5*k + 3*k + 1. Let h(i) = 2*i**3 + 4*i - 62 + 122 - 4*i**2 - 62. What is the remainder when h(k) is divided by 10?
8
Suppose 2*o = 726 - 704. Calculate the remainder when 372 is divided by o.
9
Let c = -1043 - -2305. Suppose -4*g = 294 - c. Calculate the remainder when g is divided by 61.
59
Let m = 112 - 107. Suppose 0*p = -m*p + 115. What is the remainder when 89 is divided by p?
20
Let j be 17 - 8/12*3. Let s be (-19)/2*(j + -17). Suppose -2*y + 4*d + 109 = s, -3*d - 123 = -3*y. Calculate the remainder when y is divided by 13.
11
Let m = 35 + -17. Suppose -2 = -5*s - 5*p + 48, 0 = -4*s - 2*p + 30. Calculate the remainder when m is divided by s.
3
Let k be -6 + 4 + 2 - 34. Calculate the remainder when (8/(-14))/(k/4403) is divided by 15.
14
Suppose -3*k = 4*l - 6*k - 377, k - 5 = 0. What is the remainder when l is divided by 32?
2
Let m = -313 + 499. Calculate the remainder when m is divided by 27.
24
Suppose 12*c - 4008 - 2892 = 0. What is the remainder when c is divided by 32?
31
Suppose -302*f - 2044 = -309*f. What is the remainder when f is divided by 14?
12
Suppose 7*o = 2*t + 2*o + 31, -55 = 5*t - 5*o. Let y(g) = -5*g - 28. Calculate the remainder when y(t) is divided by 10.
2
Suppose r - 2*f - 765 = 0, r - 113 = f + 647. Calculate the remainder when r is divided by 84.
83
Let a = 495 - 494. Let s(b) be the first derivative of 8*b**3/3 - b - 1. Calculate the remainder when s(a) is divided by 2.
1
Suppose 3*u - 4 = 4*c + 105, 4*c + 78 = 2*u. Let a(s) = -s**3 + 2*s**2 + 2*s - 14. Let d be a(6). Let o = d + 267. What is the remainder when o is divided by u?
28
Let n(i) = -2*i + 66. Let u be (-3 - -6) + 6/(-2). What is the remainder when n(u) is divided by 17?
15
Let v be -13 - (5/2 + 33/22). Let u = 106 + v. Calculate the remainder when u is divided by 18.
17
Let y = 9 - 8. Let h be ((140 - -4)/(-4))/y. Let l = h + 51. Calculate the remainder when 42 is divided by l.
12
Let v = 298 + -53. Suppose 0*j + v = j + q, -4*j + q = -970. What is the remainder when j is divided by 62?
57
Let b(n) = -11*n + 1. Let o be b(-4). Suppose 0 = -3*y - 4*p + 45, 0 = -3*y - 7*p + 2*p + o. What is the remainder when 118 is divided by y?
13
Suppose 3*q - 7*s + 9*s = 131, 3*q - 4*s - 125 = 0. Suppose -g = -1 - q. What is the remainder when g is divided by 19?
6
Let k be ((-2)/3)/((-10)/180). Let o be 69/(-9) + (-4)/k. Let b = o - -49. Calculate the remainder when b is divided by 14.
13
Suppose 0 = 17*d - 2448 + 1870. What is the remainder when 808 is divided by d?
26
What is the remainder when 130 is divided by ((-1)/(2/36))/(32 + -34)?
4
Suppose 575 - 479 = 4*j. What is the remainder when j is divided by 6/8 + (-34)/(-8)?
4
Suppose 2*t = 0, -6 = -5*k + 2*t + 4. Suppose -4 - 2 = k*s. Calculate the remainder when 74 is divided by (0 - s/(-3)) + 16.
14
Suppose 53 = -13*d + 209. What is the remainder when d is divided by 7?
5
Let v = 304 + -298. What is the remainder when 10 is divided by v?
4
Let k = -56 - -39. Let x = k - -11. Let z(d) = -4*d - 7. Calculate the remainder when 47 is divided by z(x).
13
Let b = 312 - 304. Suppose 0 = 2*p - 4 - 6. What is the remainder when b is divided by p?
3
Suppose -3*k = -4*p - 144, 5*k - 3*k - 4*p = 100. What is the remainder when k is divided by 152/19*(5/2 + -1)?
8
Let z(k) = 5*k**2 + 2. Suppose 30 = 7*r - 17*r. Calculate the remainder when (4/r*16)/((-2)/6) is divided by z(-2).
20
Suppose 2*u = -2*h - 8 + 26, 2*u = h + 12. Suppose -2*k - y + u = 6, -k - 2*y = 7. Calculate the remainder when 4 is divided by k.
1
Suppose 1641 = 20*h - 3279. Calculate the remainder when h is divided by 19.
18
Let l = 40 + -33. Suppose -5*v + 160 = 40. What is the remainder when v is divided by l?
3
Suppose -5*a - 5*p + 4*p + 125 = 0, -5*p = -5*a + 155. What is the remainder when 623 is divided by a?
25
Let v = 32 + -22. Suppose -54 = -3*o - 4*f, 5*f + 93 = 5*o + 3. What is the remainder when o is divided by v?
8
Calculate the remainder when 152 is divided by (0 + 17)/((-124)/(-620)).
67
Suppose t - 95 = -5*g, -3*t + 266 = -g - 3*g. Suppose -5*o = -3*u + t, -o = -6*o - 15. Calculate the remainder when 42 is divided by u.
17
Suppose 5*a = -190 - 160. Let m = 83 + a. Calculate the remainder when 21 is divided by m.
8
Suppose -2*h + 48 = -g, 0 = 3*h + 4*g - 5*g - 70. Let k = 30 - h. What is the remainder when 46 is divided by k?
6
Let p be 8 - (0 + 25/5). Suppose 236 = 4*h - 4*t, p*t = 6*t + 3. What is the remainder when h is divided by 10?
8
Suppose 14 = 11*a - 4*a. Suppose 158 = 2*b - 2*p - 6, a*p - 10 = 0. Calculate the remainder when b is divided by 23.
18
Let n = -98 + 98. Suppose -6*a + 78 = -n*a. Let s(g) = g**3 - 5*g**2 + g - 4. What is the remainder when s(6) is divided by a?
12
Let v = -2 - -7. Suppose 5*d - 38 - 32 = v*l, 50 = 5*d + 5*l. What is the remainder when 95 is divided by d?
11
Let q = 293 - 276. Calculate the remainder when 46 is divided by q.
12
Let n be 25/4 - (-13)/(-52). Suppose 0 = 5*m - n*m + 8. Suppose -4*g + m = -4. What is the remainder when 9 is divided by g?
0
Let u(h) = -12*h - 13 + 5 + 5 + h**2. What is the remainder when u(13) is divided by 25/9 - (-18)/81?
1
Suppose -8*o + 67 = -229. What is the remainder when 81 is divided by o?
7
Let r(v) = -v + 6. Let d be r(10). Let c be d/10 + 17/5. Suppose 5*x = -c*z + 9, 2*z + 9 = x - z. Calculate the remainder when x is divided by 3.
0
Suppose 2*g - 240 = -2*g. Let d be 3294/(-36) - (-2)/(-4). What is the remainder when g is divided by -2 - d/((-8)/(-2))?
18
Suppose -55 = -2*b - 3*h, -47*b + 50*b = h + 99. Calculate the remainder when 255 is divided by b.
31
Let f(u) = -u**3 + 13*u**2 - 11*u - 10. Let a be f(12). Let h(y) = 4 + y**3 - y + 7*y**2 - a*y**2 - 3*y**2. Calculate the remainder when h(0) is divided by 2.
0
Let r(i) = -2*i**2 + 69*i - 7. What is the remainder when r(33) is divided by 41?
10
Suppose 3*v = 2*v - 5, -4*c = v - 2099. What is the remainder when c is divided by 31?
30
Let m = -86 + 97. Calculate the remainder when 38 is divided by m.
5
Let k be (-2 + -7)*1/3. Let p be 21*(72/(-28))/k. Let s = -10 + p. What is the remainder when 13 is divided by s?
5
Suppose -2*n + 11 - 1 = 0. Let z(g) = 4*g**2 - 2*g - 1. Calculate the remainder when z(n) is divided by 23.
20
Let s = 981 + -607. Suppose 231 = 11*i - s. What is the remainder when 274 is divided by i?
54
Let h(f) be the first derivative of -1/2*f**2 - 8 - 3*f. Calculate the remainder when 16 is divided by h(-8).
1
Let o(q) = 5*q**2 - q - 2. Let v be o(-2). Let f = -13 + v. Suppose -2*z + 15 = -f. Calculate the remainder when z is divided by 7.
4
Suppose 43*x + 2*u = 42*x + 24, -96 = -4*x + 2*u. What is the remainder when ((-69)/2)/((-9)/24) is divided by x?
20
Let w be (-75)/(-6) - 1/(-2). Let x = w + -10. Suppose 2*p - 4*n - 22 = -0*p, x*p - 2*n = 21. Calculate the remainder when p is divided by 3.
2
Let y be ((-298)/6 + 1)*(-42)/28. Let u = y + -52. What is the remainder when 37 is divided by u?
16
Let v(c) = 7*c**2 + 2*c + 5. Suppose -75 = 3*m - 69. What is the remainder when 112 is divided by v(m)?
25
Let q(x) = -9*x - 84. Calculate the remainder when 70 is divided by q(-10).
4
Let r(x) be the second derivative of -x**3/6 + 2*x. Let q be r(-2). Suppose v + 431 = 5*g - 2*v, 4 = -q*v. What is the remainder when g is divided by 29?
27
Suppose -428 - 937 = -5*i. Let u = i - 182. What is the